{"id":1868,"date":"2025-09-11T19:08:00","date_gmt":"2025-09-12T01:08:00","guid":{"rendered":"https:\/\/arpiproducciones.com\/?page_id=1868"},"modified":"2025-10-05T17:47:03","modified_gmt":"2025-10-05T23:47:03","slug":"imagen-institucional","status":"publish","type":"page","link":"https:\/\/arpiproducciones.com\/index.php\/servicios\/imagen-institucional\/","title":{"rendered":"IMAGEN INSTITUCIONAL"},"content":{"rendered":"<div class=\"wpb-content-wrapper\"><p>[vc_row css=&#8221;.vc_custom_1746665274545{margin-top: 75px !important;}&#8221;][vc_column][vc_column_text css=&#8221;&#8221;]Este tipo de proyectos resultan efectivos cuando existe un buen plan estrat\u00e9gico por parte del cliente y la productora. Es por esto que, en la realizaci\u00f3n de un contenido audiovisual, el impacto siempre depender\u00e1 de la idea creativa plasmada en un guion. Tenemos la facilidad de adaptar nuestro flujo de trabajo en cualquier contexto y presupuesto para cumplir ese objetivo, ayudando a nuestros clientes a cumplir con sus metas de comunicaci\u00f3n y marketing.<\/p>\n<p>&nbsp;<\/p>\n<p><strong>Videos institucionales | Videos de promoci\u00f3n | Videos de inducci\u00f3n | Videos de capacitaci\u00f3n | Video Seguimiento de obras |Spots\u00a0publicitarios<\/strong><\/p>\n<p>&nbsp;[\/vc_column_text][\/vc_column][\/vc_row][vc_row][vc_column width=&#8221;1\/3&#8243;][vc_raw_html css=&#8221;&#8221;]JTNDZGl2JTIwc3R5bGUlM0QlMjJwb3NpdGlvbiUzQSUyMHJlbGF0aXZlJTNCJTIwcGFkZGluZy10b3AlM0ElMjA1Ni4yNSUyNSUzQiUyMiUzRSUwQSUyMCUyMCUzQ2lmcmFtZSUyMCUwQSUyMCUyMCUyMCUyMGlkJTNEJTIydmlkZW8xMyUyMiUwQSUyMCUyMCUyMCUyMGNsYXNzJTNEJTIyYnVubnktdmlkZW8lMjIlMEElMjAlMjAlMjAlMjBzcmMlM0QlMjJodHRwcyUzQSUyRiUyRmlmcmFtZS5tZWRpYWRlbGl2ZXJ5Lm5ldCUyRmVtYmVkJTJGNjkyNDglMkY5ODM1NWNhZS01NjE0LTRkMzgtOTJjYy1mOWE4MzRiMTAwNzclM0ZhdXRvcGxheSUzRGZhbHNlJTIyJTBBJTIwJTIwJTIwJTIwbG9hZGluZyUzRCUyMmxhenklMjIlMEElMjAlMjAlMjAlMjBzdHlsZSUzRCUyMmJvcmRlciUzQSUyMG5vbmUlM0IlMjBwb3NpdGlvbiUzQSUyMGFic29sdXRlJTNCJTIwdG9wJTNBJTIwMCUzQiUyMGhlaWdodCUzQSUyMDEwMCUyNSUzQiUyMHdpZHRoJTNBJTIwMTAwJTI1JTNCJTIyJTBBJTIwJTIwJTIwJTIwYWxsb3clM0QlMjJhdXRvcGxheSUzQiUyMGVuY3J5cHRlZC1tZWRpYSUzQiUyMHBpY3R1cmUtaW4tcGljdHVyZSUyMiUwQSUyMCUyMCUyMCUyMGFsbG93ZnVsbHNjcmVlbiUzRSUwQSUyMCUyMCUzQyUyRmlmcmFtZSUzRSUwQSUzQyUyRmRpdiUzRSUwQSUwQQ==[\/vc_raw_html][\/vc_column][vc_column width=&#8221;1\/3&#8243;][vc_raw_html css=&#8221;&#8221;]JTNDZGl2JTIwc3R5bGUlM0QlMjJwb3NpdGlvbiUzQSUyMHJlbGF0aXZlJTNCJTIwcGFkZGluZy10b3AlM0ElMjA1Ni4yNSUyNSUzQiUyMiUzRSUwQSUyMCUyMCUzQ2lmcmFtZSUyMCUwQSUyMCUyMCUyMCUyMGlkJTNEJTIydmlkZW8xNCUyMiUwQSUyMCUyMCUyMCUyMGNsYXNzJTNEJTIyYnVubnktdmlkZW8lMjIlMEElMjAlMjAlMjAlMjBzcmMlM0QlMjJodHRwcyUzQSUyRiUyRmlmcmFtZS5tZWRpYWRlbGl2ZXJ5Lm5ldCUyRmVtYmVkJTJGNjkyNDglMkZiMzYzZWU3YS1iZGY5LTQwMGItOWZiMi01NGQ0NmRkOWVlMzclM0ZhdXRvcGxheSUzRGZhbHNlJTIyJTBBJTIwJTIwJTIwJTIwbG9hZGluZyUzRCUyMmxhenklMjIlMEElMjAlMjAlMjAlMjBzdHlsZSUzRCUyMmJvcmRlciUzQSUyMG5vbmUlM0IlMjBwb3NpdGlvbiUzQSUyMGFic29sdXRlJTNCJTIwdG9wJTNBJTIwMCUzQiUyMGhlaWdodCUzQSUyMDEwMCUyNSUzQiUyMHdpZHRoJTNBJTIwMTAwJTI1JTNCJTIyJTBBJTIwJTIwJTIwJTIwYWxsb3clM0QlMjJhdXRvcGxheSUzQiUyMGVuY3J5cHRlZC1tZWRpYSUzQiUyMHBpY3R1cmUtaW4tcGljdHVyZSUyMiUwQSUyMCUyMCUyMCUyMGFsbG93ZnVsbHNjcmVlbiUzRSUwQSUyMCUyMCUzQyUyRmlmcmFtZSUzRSUwQSUzQyUyRmRpdiUzRQ==[\/vc_raw_html][\/vc_column][vc_column width=&#8221;1\/3&#8243;][vc_raw_html css=&#8221;&#8221;]JTNDZGl2JTIwc3R5bGUlM0QlMjJwb3NpdGlvbiUzQSUyMHJlbGF0aXZlJTNCJTIwcGFkZGluZy10b3AlM0ElMjA1Ni4yNSUyNSUzQiUyMiUzRSUwQSUyMCUyMCUzQ2lmcmFtZSUyMCUwQSUyMCUyMCUyMCUyMGlkJTNEJTIydmlkZW8xNSUyMiUwQSUyMCUyMCUyMCUyMGNsYXNzJTNEJTIyYnVubnktdmlkZW8lMjIlMEElMjAlMjAlMjAlMjBzcmMlM0QlMjJodHRwcyUzQSUyRiUyRmlmcmFtZS5tZWRpYWRlbGl2ZXJ5Lm5ldCUyRmVtYmVkJTJGNjkyNDglMkZhMjczOTZkOC1lY2FiLTRiN2ItODE2MS1lNjVlZWYxYWFmZDQlM0ZhdXRvcGxheSUzRGZhbHNlJTIyJTBBJTIwJTIwJTIwJTIwbG9hZGluZyUzRCUyMmxhenklMjIlMEElMjAlMjAlMjAlMjBzdHlsZSUzRCUyMmJvcmRlciUzQSUyMG5vbmUlM0IlMjBwb3NpdGlvbiUzQSUyMGFic29sdXRlJTNCJTIwdG9wJTNBJTIwMCUzQiUyMGhlaWdodCUzQSUyMDEwMCUyNSUzQiUyMHdpZHRoJTNBJTIwMTAwJTI1JTNCJTIyJTBBJTIwJTIwJTIwJTIwYWxsb3clM0QlMjJhdXRvcGxheSUzQiUyMGVuY3J5cHRlZC1tZWRpYSUzQiUyMHBpY3R1cmUtaW4tcGljdHVyZSUyMiUwQSUyMCUyMCUyMCUyMGFsbG93ZnVsbHNjcmVlbiUzRSUwQSUyMCUyMCUzQyUyRmlmcmFtZSUzRSUwQSUzQyUyRmRpdiUzRQ==[\/vc_raw_html][\/vc_column][\/vc_row][vc_row][vc_column width=&#8221;1\/3&#8243;][vc_raw_html css=&#8221;&#8221;]JTNDZGl2JTIwc3R5bGUlM0QlMjJwb3NpdGlvbiUzQSUyMHJlbGF0aXZlJTNCJTIwcGFkZGluZy10b3AlM0ElMjA1Ni4yNSUyNSUzQiUyMiUzRSUwQSUyMCUyMCUzQ2lmcmFtZSUyMCUwQSUyMCUyMCUyMCUyMGlkJTNEJTIydmlkZW8xNiUyMiUwQSUyMCUyMCUyMCUyMGNsYXNzJTNEJTIyYnVubnktdmlkZW8lMjIlMEElMjAlMjAlMjAlMjBzcmMlM0QlMjJodHRwcyUzQSUyRiUyRmlmcmFtZS5tZWRpYWRlbGl2ZXJ5Lm5ldCUyRmVtYmVkJTJGNjkyNDglMkY4MjI2NzdlYi05ZThiLTQzNmMtYjFhMy04ZGQ4ZDVhODRlNjQlM0ZhdXRvcGxheSUzRGZhbHNlJTIyJTBBJTIwJTIwJTIwJTIwbG9hZGluZyUzRCUyMmxhenklMjIlMEElMjAlMjAlMjAlMjBzdHlsZSUzRCUyMmJvcmRlciUzQSUyMG5vbmUlM0IlMjBwb3NpdGlvbiUzQSUyMGFic29sdXRlJTNCJTIwdG9wJTNBJTIwMCUzQiUyMGhlaWdodCUzQSUyMDEwMCUyNSUzQiUyMHdpZHRoJTNBJTIwMTAwJTI1JTNCJTIyJTBBJTIwJTIwJTIwJTIwYWxsb3clM0QlMjJhdXRvcGxheSUzQiUyMGVuY3J5cHRlZC1tZWRpYSUzQiUyMHBpY3R1cmUtaW4tcGljdHVyZSUyMiUwQSUyMCUyMCUyMCUyMGFsbG93ZnVsbHNjcmVlbiUzRSUwQSUyMCUyMCUzQyUyRmlmcmFtZSUzRSUwQSUzQyUyRmRpdiUzRQ==[\/vc_raw_html][\/vc_column][vc_column width=&#8221;1\/3&#8243;][vc_raw_html css=&#8221;&#8221;]JTNDZGl2JTIwc3R5bGUlM0QlMjJwb3NpdGlvbiUzQSUyMHJlbGF0aXZlJTNCJTIwcGFkZGluZy10b3AlM0ElMjA1Ni4yNSUyNSUzQiUyMiUzRSUwQSUyMCUyMCUzQ2lmcmFtZSUyMCUwQSUyMCUyMCUyMCUyMGlkJTNEJTIydmlkZW8xNyUyMiUwQSUyMCUyMCUyMCUyMGNsYXNzJTNEJTIyYnVubnktdmlkZW8lMjIlMEElMjAlMjAlMjAlMjBzcmMlM0QlMjJodHRwcyUzQSUyRiUyRmlmcmFtZS5tZWRpYWRlbGl2ZXJ5Lm5ldCUyRmVtYmVkJTJGNjkyNDglMkZkMWYwNDdmMC1hYjI4LTRiM2YtOGFkMC0yYzc1Nzc0YmJmZjIlM0ZhdXRvcGxheSUzRGZhbHNlJTIyJTBBJTIwJTIwJTIwJTIwbG9hZGluZyUzRCUyMmxhenklMjIlMEElMjAlMjAlMjAlMjBzdHlsZSUzRCUyMmJvcmRlciUzQSUyMG5vbmUlM0IlMjBwb3NpdGlvbiUzQSUyMGFic29sdXRlJTNCJTIwdG9wJTNBJTIwMCUzQiUyMGhlaWdodCUzQSUyMDEwMCUyNSUzQiUyMHdpZHRoJTNBJTIwMTAwJTI1JTNCJTIyJTBBJTIwJTIwJTIwJTIwYWxsb3clM0QlMjJhdXRvcGxheSUzQiUyMGVuY3J5cHRlZC1tZWRpYSUzQiUyMHBpY3R1cmUtaW4tcGljdHVyZSUyMiUwQSUyMCUyMCUyMCUyMGFsbG93ZnVsbHNjcmVlbiUzRSUwQSUyMCUyMCUzQyUyRmlmcmFtZSUzRSUwQSUzQyUyRmRpdiUzRQ==[\/vc_raw_html][\/vc_column][vc_column width=&#8221;1\/3&#8243;][vc_raw_html css=&#8221;&#8221;]JTNDZGl2JTIwc3R5bGUlM0QlMjJwb3NpdGlvbiUzQSUyMHJlbGF0aXZlJTNCJTIwcGFkZGluZy10b3AlM0ElMjA1Ni4yNSUyNSUzQiUyMiUzRSUwQSUyMCUyMCUzQ2lmcmFtZSUyMCUwQSUyMCUyMCUyMCUyMGlkJTNEJTIydmlkZW8xOCUyMiUwQSUyMCUyMCUyMCUyMGNsYXNzJTNEJTIyYnVubnktdmlkZW8lMjIlMEElMjAlMjAlMjAlMjBzcmMlM0QlMjJodHRwcyUzQSUyRiUyRmlmcmFtZS5tZWRpYWRlbGl2ZXJ5Lm5ldCUyRmVtYmVkJTJGNjkyNDglMkZhMzMwY2FiMS1iODQ3LTQxMDUtYmJlOS1jYTc5NzE5NDhhNGMlM0ZhdXRvcGxheSUzRGZhbHNlJTIyJTBBJTIwJTIwJTIwJTIwbG9hZGluZyUzRCUyMmxhenklMjIlMEElMjAlMjAlMjAlMjBzdHlsZSUzRCUyMmJvcmRlciUzQSUyMG5vbmUlM0IlMjBwb3NpdGlvbiUzQSUyMGFic29sdXRlJTNCJTIwdG9wJTNBJTIwMCUzQiUyMGhlaWdodCUzQSUyMDEwMCUyNSUzQiUyMHdpZHRoJTNBJTIwMTAwJTI1JTNCJTIyJTBBJTIwJTIwJTIwJTIwYWxsb3clM0QlMjJhdXRvcGxheSUzQiUyMGVuY3J5cHRlZC1tZWRpYSUzQiUyMHBpY3R1cmUtaW4tcGljdHVyZSUyMiUwQSUyMCUyMCUyMCUyMGFsbG93ZnVsbHNjcmVlbiUzRSUwQSUyMCUyMCUzQyUyRmlmcmFtZSUzRSUwQSUzQyUyRmRpdiUzRQ==[\/vc_raw_html][\/vc_column][\/vc_row]<\/p>\n<\/div>","protected":false},"excerpt":{"rendered":"<p>[vc_row css=&#8221;.vc_custom_1746665274545{margin-top: 75px !important;}&#8221;][vc_column][vc_column_text css=&#8221;&#8221;]Este tipo de proyectos resultan efectivos cuando existe un buen plan estrat\u00e9gico por parte del cliente y la productora. Es por esto que, en la realizaci\u00f3n de un contenido audiovisual, el impacto siempre depender\u00e1 de la idea creativa plasmada en un guion. Tenemos la facilidad de adaptar nuestro flujo de trabajo&hellip;<\/p>\n","protected":false},"author":1,"featured_media":0,"parent":1617,"menu_order":1,"comment_status":"closed","ping_status":"closed","template":"","meta":[],"_links":{"self":[{"href":"https:\/\/arpiproducciones.com\/index.php\/wp-json\/wp\/v2\/pages\/1868"}],"collection":[{"href":"https:\/\/arpiproducciones.com\/index.php\/wp-json\/wp\/v2\/pages"}],"about":[{"href":"https:\/\/arpiproducciones.com\/index.php\/wp-json\/wp\/v2\/types\/page"}],"author":[{"embeddable":true,"href":"https:\/\/arpiproducciones.com\/index.php\/wp-json\/wp\/v2\/users\/1"}],"replies":[{"embeddable":true,"href":"https:\/\/arpiproducciones.com\/index.php\/wp-json\/wp\/v2\/comments?post=1868"}],"version-history":[{"count":6,"href":"https:\/\/arpiproducciones.com\/index.php\/wp-json\/wp\/v2\/pages\/1868\/revisions"}],"predecessor-version":[{"id":1875,"href":"https:\/\/arpiproducciones.com\/index.php\/wp-json\/wp\/v2\/pages\/1868\/revisions\/1875"}],"up":[{"embeddable":true,"href":"https:\/\/arpiproducciones.com\/index.php\/wp-json\/wp\/v2\/pages\/1617"}],"wp:attachment":[{"href":"https:\/\/arpiproducciones.com\/index.php\/wp-json\/wp\/v2\/media?parent=1868"}],"curies":[{"name":"wp","href":"https:\/\/api.w.org\/{rel}","templated":true}]}}